t common divisor of k and f?
5
Suppose 2*q = k + 7, q = -0*k + k + 2. Let c(n) = n**2 - 6*n - 5. Let g be c(-4). Calculate the greatest common divisor of q and g.
5
Let k(z) = 408*z + 18. Let v be k(4). Calculate the highest common factor of v and 66.
66
Suppose 44*p = 55*p - 132. Suppose -5*b + 20 = -0*b. Calculate the highest common divisor of p and b.
4
Suppose 0 = -0*b + 5*b - 135. Suppose 2*f - 5*l - b = 0, -4*f + 2*l + 96 = 6*l. Let x = 113 - 99. What is the greatest common factor of x and f?
7
Let b(o) = -77*o**3 - o**2 + o + 1. Let m be b(-1). Let u = 150 - m. Let y = 122 + u. Calculate the greatest common divisor of y and 28.
28
Suppose 0 = -5*l - 11 - 24. Let w be (-16)/(-40)*(l + 2). Let j be 5 + (2 - 4/w). What is the highest common factor of j and 9?
9
Suppose -11*g + 10*g + 2216 = -3*j, -5*g - j + 11000 = 0. What is the highest common factor of 31 and g?
31
Suppose 0 = 3*c + 3*i + 4 + 8, 2*c + 13 = -3*i. Suppose -c = -4*g + 11. Suppose g*x - x - 32 = 0. Calculate the highest common factor of 8 and x.
8
Suppose 0 = -7*y + 2139 + 164. Let v = 41 - -6. Calculate the highest common factor of y and v.
47
Let k = 870 - 825. What is the highest common divisor of k and 315?
45
Let p = 4 + 0. Suppose 0 = -4*z + 20, -z = p*f - 0*z - 981. Suppose -5*q + 4*o + 272 = -q, 4*q + 3*o = f. Calculate the greatest common divisor of 16 and q.
16
Let s(j) = -2*j - 5. Let f be s(-3). Suppose 2*x - 29 = f. What is the highest common divisor of 5 and x?
5
Let b(a) = -4*a - 11. Let q(p) = -1. Let z(i) = -b(i) + 6*q(i). Let j be z(-14). Let h = 108 + j. What is the highest common divisor of h and 19?
19
Let o = 598 + -567. What is the greatest common factor of 62 and o?
31
Let n = -38 + 51. Let p be (-930)/(-9) - ((-10)/(-3))/(-5). What is the greatest common divisor of p and n?
13
Let l = 73 + 102. Suppose -y + 390 = 5*d, 5*d - 185 - l = 5*y. Let v be 51/7 + (-2)/7. Calculate the highest common divisor of v and d.
7
Suppose -2*c - 17 + 137 = 0. What is the highest common factor of 110 and c?
10
Let c be -2*(2 - 0) + 13. Let j be -3 - (-52 - (-5 - -1)). Calculate the highest common divisor of c and j.
9
Let k be 546/117*36/2. What is the highest common factor of 112 and k?
28
Suppose -2*r = 2*d - 88, -2*d - 31 - 151 = -4*r. Calculate the highest common factor of 18 and r.
9
Suppose 12*t - 564 - 840 = 0. Let a be (-1 + 1)/(-3) - -13. What is the greatest common factor of a and t?
13
Let o be 4/(-8)*(3 - 3). Suppose 14*v - 17*v + 45 = o. Suppose k + v = 4*k. What is the highest common divisor of k and 40?
5
Suppose 4*i = -5*m + 398, 0*i - 3*i = m - 84. Calculate the highest common divisor of m and 130.
26
Let b = -90 + 112. Calculate the greatest common divisor of 4 and b.
2
Suppose -3*o + 607 = -41. Let j be 12/30 - o/(-10). Calculate the greatest common factor of 55 and j.
11
Let y = 55 + 840. Calculate the greatest common divisor of y and 5.
5
Let d be (32/20)/(2/15). Let p = 172 + -160. What is the greatest common divisor of p and d?
12
Let s be ((-5)/2 - -2)*-332. Suppose 10*m - s = 134. Calculate the greatest common divisor of 60 and m.
30
Suppose -842*o + 834*o = -696. Calculate the highest common divisor of 87 and o.
87
Let p = 67 - -137. Calculate the highest common factor of p and 391.
17
Let u(k) = -k**2 + 6*k + 7. Let v be u(6). Let x = 2 + v. Calculate the greatest common factor of 45 and x.
9
Let l = 362 - 347. What is the greatest common factor of l and 12?
3
Let j(f) = f**3 - 2*f**2 + 2*f + 18. Let a be j(0). What is the greatest common factor of a and 12?
6
Suppose 0*c + 12 = c - 3*h, -6 = c + 3*h. Suppose 3*f + 11 = 5*o - 142, -c*f = -12. What is the greatest common divisor of o and 99?
33
Suppose 15*v - 12654 + 789 = 0. Suppose 0 = 3*q - x - v, -3*x + 5*x + 1318 = 5*q. What is the highest common factor of q and 33?
33
Let p(v) = 107*v - 562. Let x be p(7). Calculate the highest common divisor of x and 143.
11
Suppose -4*p + 18 + 22 = 0. Suppose p = -2*x, -y - x = -37 - 12. Calculate the highest common divisor of y and 18.
18
Let c = -58 - -84. Suppose 3*p - 29 = -5*y, -9 = p - 2*y - c. Calculate the highest common factor of 65 and p.
13
Let h = -48 + -44. Let d be (0 + h)*(-11)/44. What is the greatest common factor of 46 and d?
23
Let c be -4 - (-6 + (-4 - -4)). Suppose -2*p = -j + 19 + 9, 2*j + 5*p - 11 = 0. Let x be (j/(-2))/(c/(-22)). Calculate the greatest common factor of 9 and x.
9
Let o be 21 - 13 - 6/(-1). What is the highest common divisor of 6 and o?
2
Suppose -82 - 149 = -u + 3*g, 412 = 2*u + 4*g. What is the greatest common divisor of 48 and u?
24
Let z be (-1 + -3)*(-3)/(-12). Let d be (-8648)/(-40) + z/5. What is the highest common divisor of 24 and d?
24
Suppose 2*f = 6*w - w - 61, w = 3*f + 20. What is the greatest common divisor of w and 33?
11
Let r(y) = 47*y - 3. Let f be r(2). Let n(c) = -c**2 + 58*c - 572. Let j be n(13). What is the greatest common factor of j and f?
13
Let a(i) = 3*i + 7. Let o be a(-2). Calculate the greatest common divisor of o and 27.
1
Let u(x) = 4*x**2 + 112*x - 67. Let d be u(-29). What is the highest common divisor of d and 1519?
49
Let p(c) = -30*c**2 - 6*c + 5. Let s be p(2). Let a = -112 - s. Calculate the highest common divisor of 10 and a.
5
Suppose -8*g + 6 = -5*g. Let p(j) = -10*j**2 - 9*j + g + j**2 - j**3 + 2 + j**2. Let t be p(-7). Calculate the greatest common factor of 9 and t.
9
Let z = 74 + -68. Let r(o) = -2*o + 42. Let l be r(0). What is the greatest common factor of z and l?
6
Let o be (220/(-15))/(16/(-24)). Let g(y) = -y**3 + 7*y**2 - 5*y + 5. Let w be g(6). Calculate the highest common factor of o and w.
11
Let y = -10 - -11. Let i be 30 + (y*2/(-2) - -2). What is the highest common factor of i and 279?
31
Suppose -4*o - 5*v = -6 - 5, -3*o - 5*v + 2 = 0. Let a = -17 + 25. Let f = a - 5. What is the greatest common factor of o and f?
3
Let j = 2374 + -2049. Calculate the greatest common divisor of j and 50.
25
Suppose 0*c = 2*c + 14. Let r be -1 - 4 - 0/(-2). Let n = r - c. Calculate the greatest common divisor of n and 10.
2
Let h = 4 - -6. Let z = h + -1. Let x be (1 + (-1 - -1))*45. What is the highest common factor of x and z?
9
Let t be (-1 - 28)*2/(-2). Let u be 27/6*-6*(0 + -3). Let j be 18/u + (-3099)/(-27) + 1. Calculate the greatest common divisor of j and t.
29
Let b = 6 + 10. Let x = 21 - b. What is the greatest common factor of x and 25?
5
Let n = -275 - -311. What is the highest common divisor of n and 198?
18
Suppose 25*m - 111*m = -3612. Calculate the highest common factor of 609 and m.
21
Let x(s) = s + 2. Let f be x(-4). Let c(h) = 5*h**2 - 1. Let i be c(f). What is the greatest common divisor of 152 and i?
19
Let a be ((-4)/14)/((-1)/7). Suppose a*g = -0*g + 132. Calculate the greatest common factor of g and 33.
33
Let h(v) = 42*v - 53. Let j be h(3). What is the greatest common factor of 657 and j?
73
Let b = 34 + 5. Let k = 45 + b. What is the highest common factor of k and 42?
42
Suppose 4*k = -4*h + 604, 2*k + 5*h = 173 + 120. Suppose 2*b = 3*b - d - 8, 4*d = 8. Let m = 24 - b. Calculate the highest common divisor of m and k.
14
Suppose -5 = 5*v - 25. Suppose 4*t - 22 = 2*u, v*t - u - 20 = -t. Let i = t + 63. Calculate the highest common factor of 11 and i.
11
Let n = 101 + -149. Let q be (-896)/n - 4/6. Calculate the greatest common divisor of 2 and q.
2
Let p = -2826 - -5117. What is the highest common divisor of 29 and p?
29
Let m be (-24 - 4/(-2))/((-1)/6). Calculate the greatest common divisor of m and 858.
66
Suppose -120 = 468*f - 471*f. Let r be -2*1 + (-33 - -3). Let x be (3/2)/((-3)/r). Calculate the greatest common divisor of x and f.
8
Let r be (-10)/(-35) + (-5370)/(-21). Let k = -3 + 5. Suppose 4*t + k*w + 0*w = 194, 0 = 5*t - 2*w - r. Calculate the highest common factor of t and 20.
10
Suppose 3*y - v - 243 = v, -y + 5*v + 81 = 0. Let p = 89 - y. Suppose 2*b - 32 = -0*b. What is the highest common factor of p and b?
8
Let t(b) = 4*b**2 + 7*b - 12. Let s be t(5). Let y = s - 79. Calculate the greatest common divisor of y and 11.
11
Let w = -77 - -201. Suppose 2*s - w = -2*s. Let h be 1/(-2)*0 - -62. What is the greatest common divisor of s and h?
31
Let q = 378 - 323. What is the highest common factor of q and 75?
5
Suppose -22*k +